2486 (base 16) to base 3.
110211022
410 (base 10) to base 11
343
What is 1231 (base 5) in base 12?
13b
Convert 24045 (base 7) to base 11.
4733
Convert 4557 (base 8) to base 9.
3273
What is 20502 (base 7) in base 12?
2b09
What is -101100101010 (base 2) in base 14?
-1082
What is 253631 (base 7) in base 15?
ddae
-30532 (base 6) to base 10
-4088
Convert 1392 (base 13) to base 2.
101100000111
Convert -204 (base 15) to base 9.
-554
What is -388 (base 10) in base 2?
-110000100
Convert 88a (base 15) to base 4.
132022
-a82 (base 11) to base 12
-904
Convert -1024443 (base 5) to base 8.
-42132
Convert 30331 (base 4) to base 7.
2263
Convert -5a69 (base 12) to base 7.
-41424
What is -1010223 (base 4) in base 5?
-120040
Convert -1074 (base 14) to base 5.
-42341
Convert -42013 (base 7) to base 6.
-115404
What is c9c (base 16) in base 9?
4376
Convert -2695 (base 11) to base 15.
-107c
Convert -214401 (base 5) to base 13.
-3531
Convert 4b1 (base 14) to base 9.
1253
What is 100111100010110 (base 2) in base 8?
47426
What is -7b9 (base 14) in base 5?
-22120
Convert 155 (base 6) to base 3.
2122
151 (base 16) to base 3
110111
Convert -22313112 (base 4) to base 2.
-1010110111010110
What is 128d (base 15) in base 8?
7566
What is 111000 (base 3) in base 16?
15f
Convert -58a (base 15) to base 8.
-2347
What is -100 (base 12) in base 10?
-144
-201112011 (base 3) to base 4
-3132121
What is -11010 (base 4) in base 7?
-642
1101012010 (base 3) to base 4
12213213
-530 (base 9) to base 16
-1b0
Convert -2911 (base 14) to base 2.
-1110001100011
161525 (base 7) to base 6
403152
Convert -161305 (base 7) to base 15.
-95dd
Convert -711 (base 9) to base 15.
-287
Convert 10010010101111100 (base 2) to base 6.
1335500
Convert -1a94c (base 13) to base 14.
-14dc8
1002221221 (base 3) to base 11
15456
Convert 4331 (base 5) to base 10.
591
What is -405035 (base 6) in base 11?
-2221a
-101011102 (base 3) to base 8
-16361
What is -235 (base 11) in base 3?
-101101
What is 90d (base 14) in base 5?
24102
Convert -16a6 (base 13) to base 8.
-6423
What is 157 (base 13) in base 3?
22221
Convert -11366 (base 10) to base 15.
-357b
-640 (base 10) to base 9
-781
What is 33450 (base 7) in base 3?
102121110
Convert 202201002 (base 3) to base 11.
10383
Convert 6b7c (base 14) to base 2.
100100100101010
What is 142023 (base 5) in base 8?
13400
a907 (base 11) to base 10
14406
Convert -30780 (base 13) to base 11.
-5a384
What is 41334 (base 7) in base 11?
766a
What is -1125120 (base 6) in base 7?
-331353
What is -7c30 (base 15) in base 4?
-12130002
Convert -14593 (base 10) to base 5.
-431333
Convert 11112 (base 7) to base 6.
20550
-69 (base 13) to base 7
-153
5c23 (base 14) to base 3
211002102
-383 (base 10) to base 4
-11333
3186 (base 10) to base 15
e26
Convert -21354 (base 10) to base 12.
-10436
-2484 (base 16) to base 8
-22204
What is 2112020 (base 3) in base 4?
130302
Convert -1103030 (base 4) to base 9.
-7265
Convert -1451 (base 8) to base 6.
-3425
Convert -9f9 (base 16) to base 2.
-100111111001
-10034 (base 5) to base 3
-212212
What is 3011121 (base 4) in base 16?
3159
12202000 (base 3) to base 2
1000001011001
Convert -1082 (base 15) to base 12.
-2035
-732 (base 10) to base 7
-2064
-1010101001101101 (base 2) to base 7
-241125
Convert -14a13 (base 12) to base 5.
-1412403
-27cc (base 13) to base 10
-5745
What is d67 (base 16) in base 8?
6547
1316 (base 8) to base 5
10333
Convert 303112 (base 4) to base 5.
101121
What is 84319 (base 10) in base 3?
11021122221
What is 1111 (base 2) in base 3?
120
-1614 (base 9) to base 6
-5404
Convert 200101002 (base 3) to base 6.
142002
What is 1243 (base 6) in base 3?
102200
What is -605 (base 11) in base 10?
-731
What is 57b (base 12) in base 7?
2243
-40dc (base 16) to base 12
-9738
55870 (base 9) to base 14
d785
-2044 (base 5) to base 7
-541
Convert -4142132 (base 5) to base 6.
-1244425
-3100 (base 13) to base 10
-6760
-c9d (base 15) to base 5
-42343
10020021 (base 3) to base 9
3207
Convert -1111201 (base 3) to base 11.
-90a
What is 3030 (base 4) in base 2?
11001100
Convert -1073 (base 11) to base 5.
-21121
9874 (base 16) to base 4
21201310
-3769 (base 11) to base 12
-2a17
Convert 2326 (base 11) to base 7.
11621
What is 110011101011100 (base 2) in base 15?
7c90
What is -41ba (base 16) in base 12?
-98a2
What is 42421 (base 5) in base 16?
b2d
What is 1111001110110 (base 2) in base 3?
101200211
What is 303311 (base 4) in base 7?
12446
Convert 60002 (base 8) to base 11.
17514
Convert -4154 (base 14) to base 2.
-10101111101110
3801b (base 12) to base 9
125285
1301 (base 5) to base 4
3021
474 (base 11) to base 8
1065
What is -39 (base 13) in base 5?
-143
What is 1010001100100 (base 2) in base 9?
7140
Convert 879 (base 15) to base 7.
5403
-3d31 (base 14) to base 3
-112211212
What is 184 (base 10) in base 13?
112
Convert c80 (base 16) to base 2.
110010000000
-1052 (base 6) to base 14
-13a
-911 (base 12) to base 2
-10100011101
What is 1021110020 (base 3) in base 14?
9220
What is -33e (base 15) in base 5?
-10414
Convert -267b (base 13) to base 7.
-22031
2001010 (base 4) to base 16
2044
What is -12220232 (base 4) in base 7?
-142151
-a5b (base 14) to base 2
-11111111001
-1001331 (base 4) to base 12
-2539
25 (base 9) to base 15
18
Convert -10212200 (base 3) to base 5.
-42301
Convert 24c6 (base 15) to base 4.
1322130
82b0 (base 14) to base 9
33767
-1210102 (base 3) to base 11
-a89
What is 25b (base 14) in base 4?
13121
575 (base 11) to base 14
371
What is -32553 (base 8) in base 10?
-13675
31322 (base 4) to base 13
536
What is 1243 (base 5) in base 13?
123
What is 17405 (base 8) in base 12?
4719
Convert 101110100 (base 2) to base 3.
111210
What is -61522 (base 8) in base 10?
-25426
-4683 (base 9) to base 4
-312111
Convert -253413 (base 7) to base 5.
-2444404
Convert 422330 (base 5) to base 7.
56036
What is 6164 (base 12) in base 7?
42604
What is -12222 (base 6) in base 10?
-1814
-22b (base 12) to base 9
-388
Convert 7758 (base 9) to base 8.
13133
What is -112220021 (base 3) in base 13?
-4c36
What is -5d8 (base 16) in base 13?
-8b1
220422 (base 5) to base 11
57a0
3611 (base 9) to base 6
20231
-3111143 (base 5) to base 8
-143156
Convert -213301 (base 4) to base 3.
-10111021
a0a (base 15) to base 2
100011010100
Convert -1001110000 (base 2) to base 15.
-2b9
What is 3562 (base 7) in base 12?
91a
What is 1300424 (base 6) in base 7?
411334
What is 635 (base 7) in base 10?
320
Convert -21245 (base 11) to base 8.
-74270
947 (base 11) to base 5
14030
Convert -12121100 (base 4) to base 10.
-26192
What is -111051 (base 8) in base 14?
-d8c9
-10606 (base 7) to base 11
-2036
Convert 1110001000110000 (base 2) to base 5.
3323104
What is 1115 (base 16) in base 7?
15515
-10100101110 (base 2) to base 6
-10050
What is -272d (base 14) in base 10?
-6901
Convert -352 (base 10) to base 12.
-254
What is 806 (base 13) in base 16?
54e
-15a (base 15) to base 5
-2220
-ca (base 15) to base 7
-361
-823 (base 15) to base 11
-1417
What is -110001110011 (base 2) in base 11?
-2438
What is 3025 (base 6) in base 11?
555
Convert 3123200 (base 4) to base 16.
36e0
-32673 (base 8) to base 12
-7b63
Convert -590 (base 14) to base 11.
-916
Convert -1c2 (base 15) to base 6.
-1515
What is -229 (base 16) in base 15?
-26d
114351 (base 7) to base 11
14666
-f6 (base 16) to base 15
-116
Convert -100101110001100 (base 2) to base 4.
-10232030
Convert 11211220 (base 3) to base 6.
24210
Convert 316 (base 14) to base 10.
608
358a (base 16) to base 2
11010110001010
Convert -596 (base 11) to base 10.
-710
-251052 (base 8) to base 5
-10232240
1010001110001 (base 2) to base 11
3a28
What is -20ba (base 14) in base 7?
-22323
-352113 (base 6) to base 2
-111011001001101
What is 131 (base 9) in base 13?
85
Convert 21333 (base 8) to base 5.
241143
Convert 17b2 (base 13) to base 10.
3525
-111100001 (base 2) to base 16
-1e1
Convert 202002011 (base 3) to base 11.
aaa8
1100011001 (base 2) to base 15
37d
What is -5019 (base 12) in base 11?
-6564
Convert 16a1 (base 15) to base 2.
1001100001100
ae3 (base 16) to base 8
5343
Convert -35025 (base 6) to base 13.
-2366
What is 178 (base 16) in base 12?
274
7381 (base 10) to base 7
30343
Convert 324 (base 12) to base 6.
2044
Convert -6319 (base 10) to base 2.
-1100010101111
What is 88e (base 15) in base 5?
30214